e 12) to base 8
144
Convert 2100 (base 5) to base 4.
10103
5 (base 16) to base 9
5
2 (base 3) to base 15
2
Convert -21 (base 10) to base 13.
-18
106 (base 7) to base 3
2001
211 (base 4) to base 13
2b
What is -1010 (base 2) in base 5?
-20
What is 3 (base 5) in base 9?
3
What is -4 (base 8) in base 3?
-11
130 (base 6) to base 5
204
-1 (base 5) to base 12
-1
What is -89 (base 14) in base 2?
-1111001
Convert e1 (base 16) to base 10.
225
Convert 3 (base 9) to base 14.
3
What is -11 (base 4) in base 6?
-5
-10 (base 2) to base 15
-2
-1 (base 14) to base 9
-1
Convert -25 (base 8) to base 10.
-21
Convert -180 (base 11) to base 13.
-131
What is 11 (base 2) in base 13?
3
-12 (base 3) to base 13
-5
-110 (base 10) to base 15
-75
Convert -19 (base 13) to base 12.
-1a
What is -13 (base 9) in base 8?
-14
10 (base 9) to base 15
9
What is -6 (base 10) in base 5?
-11
59 (base 16) to base 13
6b
Convert 15 (base 12) to base 14.
13
Convert -5 (base 12) to base 9.
-5
-110 (base 7) to base 9
-62
Convert -155 (base 6) to base 2.
-1000111
What is 311 (base 6) in base 13?
8b
Convert -45 (base 7) to base 15.
-23
What is 7 (base 15) in base 2?
111
What is -9 (base 14) in base 5?
-14
What is 0 (base 2) in base 10?
0
-24 (base 8) to base 16
-14
-137 (base 8) to base 6
-235
Convert -22 (base 3) to base 12.
-8
What is 110 (base 2) in base 8?
6
47 (base 14) to base 12
53
Convert -5 (base 14) to base 3.
-12
4 (base 11) to base 4
10
-21 (base 3) to base 14
-7
1100 (base 4) to base 13
62
Convert 9 (base 12) to base 3.
100
-40 (base 10) to base 16
-28
38 (base 16) to base 7
110
Convert -1 (base 8) to base 3.
-1
Convert -11 (base 2) to base 11.
-3
What is 1010 (base 2) in base 6?
14
Convert 110 (base 5) to base 3.
1010
What is 11122 (base 3) in base 2?
1111101
12 (base 7) to base 11
9
2 (base 5) to base 11
2
Convert -21 (base 13) to base 5.
-102
What is -21 (base 16) in base 6?
-53
Convert 3 (base 11) to base 3.
10
-260 (base 11) to base 12
-218
a (base 15) to base 7
13
What is -10 (base 5) in base 15?
-5
What is 11101 (base 2) in base 14?
21
1345 (base 6) to base 15
188
-1103 (base 6) to base 14
-143
Convert -175 (base 12) to base 4.
-3221
1 (base 15) to base 9
1
29 (base 16) to base 11
38
What is -1134 (base 5) in base 11?
-144
Convert 2a (base 16) to base 12.
36
Convert -1 (base 8) to base 10.
-1
Convert -40 (base 11) to base 2.
-101100
Convert 47 (base 12) to base 13.
43
-1 (base 2) to base 8
-1
What is 1 (base 6) in base 5?
1
Convert -100101001 (base 2) to base 9.
-360
Convert -57 (base 9) to base 10.
-52
Convert -47 (base 12) to base 4.
-313
Convert 2 (base 14) to base 9.
2
Convert -4b (base 13) to base 7.
-120
44 (base 5) to base 10
24
What is 123 (base 7) in base 13?
51
Convert -4 (base 6) to base 11.
-4
ca (base 16) to base 10
202
-414 (base 5) to base 2
-1101101
What is -1 (base 8) in base 9?
-1
2 (base 12) to base 2
10
What is -100 (base 4) in base 9?
-17
-2 (base 5) to base 6
-2
Convert 2 (base 8) to base 3.
2
Convert -10 (base 14) to base 15.
-e
a (base 11) to base 13
a
What is 24 (base 14) in base 2?
100000
Convert -11 (base 6) to base 4.
-13
142 (base 16) to base 4
11002
Convert 314 (base 9) to base 16.
100
-102 (base 4) to base 10
-18
27 (base 11) to base 4
131
What is -48 (base 10) in base 14?
-36
Convert 9 (base 15) to base 5.
14
Convert 5 (base 10) to base 9.
5
Convert 1211 (base 3) to base 8.
61
1 (base 5) to base 16
1
-15 (base 10) to base 16
-f
What is 10 (base 14) in base 4?
32
1 (base 9) to base 6
1
What is 100110 (base 2) in base 9?
42
255 (base 9) to base 6
552
2 (base 5) to base 13
2
-36 (base 7) to base 2
-11011
Convert -101011 (base 2) to base 15.
-2d
What is 9 (base 10) in base 7?
12
Convert -352 (base 6) to base 3.
-12012
Convert -75 (base 16) to base 9.
-140
What is 133 (base 4) in base 8?
37
What is 224 (base 7) in base 15?
7b
Convert 2 (base 15) to base 10.
2
What is 0 (base 9) in base 6?
0
What is -2 (base 3) in base 5?
-2
What is 2 (base 5) in base 13?
2
625 (base 7) to base 11
265
What is -13 (base 10) in base 4?
-31
Convert 1 (base 9) to base 5.
1
132 (base 5) to base 7
60
Convert 1110 (base 4) to base 16.
54
138 (base 10) to base 5
1023
What is -114 (base 5) in base 15?
-24
What is 1 (base 13) in base 5?
1
What is -1 (base 14) in base 6?
-1
-2 (base 7) to base 8
-2
Convert -1031 (base 4) to base 10.
-77
What is 19 (base 13) in base 14?
18
Convert 14 (base 7) to base 12.
b
-a9 (base 11) to base 14
-87
Convert 11 (base 3) to base 13.
4
Convert 26 (base 8) to base 9.
24
What is 1 (base 14) in base 16?
1
Convert -32 (base 7) to base 12.
-1b
Convert -251 (base 10) to base 9.
-308
Convert -1011 (base 5) to base 13.
-a1
What is 1 (base 2) in base 3?
1
What is -1 (base 16) in base 13?
-1
-12 (base 14) to base 10
-16
Convert 1 (base 6) to base 7.
1
Convert -5 (base 16) to base 4.
-11
207 (base 10) to base 8
317
Convert -1 (base 11) to base 4.
-1
Convert -2 (base 3) to base 16.
-2
0 (base 5) to base 3
0
Convert 3 (base 9) to base 7.
3
What is 2 (base 3) in base 10?
2
Convert -110 (base 2) to base 3.
-20
Convert 22 (base 5) to base 11.
11
What is -5 (base 9) in base 13?
-5
8 (base 10) to base 11
8
What is -3 (base 16) in base 5?
-3
What is -1142 (base 5) in base 4?
-2230
What is 24 (base 16) in base 5?
121
What is -22 (base 11) in base 8?
-30
Convert -101000 (base 2) to base 14.
-2c
What is 1 (base 12) in base 11?
1
Convert d0 (base 15) to base 7.
366
Convert 2b (base 13) to base 15.
27
Convert 0 (base 9) to base 10.
0
Convert 3 (base 5) to base 10.
3
Convert -1 (base 5) to base 10.
-1
Convert 1f (base 16) to base 15.
21
Convert -6 (base 10) to base 15.
-6
1010 (base 2) to base 16
a
What is 0 (base 4) in base 14?
0
10 (base 10) to base 14
a
What is 12 (base 11) in base 15?
d
What is 115 (base 6) in base 3?
1202
Convert 5 (base 16) to base 12.
5
23 (base 5) to base 12
11
What is 2 (base 11) in base 7?
2
Convert 2 (base 7) to base 13.
2
213 (base 7) to base 10
108
-1c (base 15) to base 12
-23
What is -31 (base 8) in base 11?
-23
What is 8 (base 14) in base 6?
12
What is 4 (base 14) in base 8?
4
-17 (base 12) to base 9
-21
Convert 2c (base 16) to base 5.
134
Convert 9 (base 14) to base 15.
9
5 (base 16) to base 7
5
Convert 8 (base 12) to base 6.
12
14 (base 11) to base 2
1111
Convert -2 (base 6) to base 9.
-2
Convert 451 (base 6) to base 15.
ba
What is ea (base 15) in base 8?
334
-60 (base 9) to base 13
-42
Convert -31 (base 5) to base 16.
-10
What is 9 (base 14) in base 4?
21
Convert 10223 (base 4) to base 2.
100101011
Convert 5 (base 7) to base 14.
5
Convert -33 (base 10) to base 4.
-201
c (base 13) to base 14
c
Convert 80 (base 16) to base 8.
200
What is -10100000 (base 2) in base 5?
-1120
2 (base 14) to base 10
2
Convert -30 (base 7) to base 12.
-19
Convert -202 (base 3) to base 9.
-22
What is -3 (base 15) in base 8?
-3
Convert 5 (base 10) to base 9.
5
Convert 3 (base 14) to base 4.
3
What is 68 (base 11) in base 16?
4a
What is -412 (base 7) in base 15?
-da
Convert 1011 (base 2) to base 3.
102
What is 0 (base 10) in base 8?
0
Convert -11000 (base 2) to base 16.
-18
Convert -22 (base 5) to base 2.
-1100
Convert 8 (base 9) to base 13.
8
What is -11000100 (base 2) in base 16?
-c4
Convert 2032 (base 4) to base 13.
ac
10 (base 6) to base 16
6
Convert 1001 (base 2) to base 13.
9
-26 (base 11) to base 7
-40
Convert -3 (base 11) to base 6.
-3
What is 1010 (base 2) in base 14?
a
Convert -125 (base 6) to base 3.
-1222
What is 43 (base 10) in base 15?
2d
What is 41 (base 6) in base 14?
1b
Convert 14 (base 14) to base 3.
200
What is 1000 (base 2) in base 6?
12
-15 (base 15) to base 13
-17
-2023 (base 5) to base 3
-100202
-135 (base 10) to base 4
-2013
3 (base 7) to base 5
3
Convert a (base 15) to base 6.
14
2 (base 7) to base 16
2
9 (base 14) to base 5
14
What is 14 (base 6) in base 2?
1010
What is 1022 (base 3) in base 14?
27
34 (base 10) to base 7
46
22111 (base 3) to base 10
229
What is -155 (base 6) in base 8?
-107
Convert -1101 (base 2) to base 11.
-12
Convert -2a (base 11) to base 9.
-35
2 (base 9) to base 11
2
What is 311 (base 4) in base 2?
110101
Convert -2 (base 15) to base 11.
-2
1 (base 11) to base 4
1
0 (base 6) to base 16
0
0 (base 5) to base 8
0
-128 (base 11) to base 13
-b8
Convert -192 (base 10) to base 14.
-da
What is 2 (base 3) in base 14?
2